**3. Calculate i(6).
-7
Let s(t) = 6845*t**2 - 6846*t**2 - 7*t - 1 + 0*t. What is s(-6)?
5
Suppose -c + 6 + 7 = 0. Let d(a) = a - 8*a**2 + 22*a**2 + 1 - c*a**2. Let b(w) = -w**3 - 11*w**2 - 10*w - 4. Let f(p) = b(p) + 5*d(p). Give f(-4).
-11
Suppose 22*h - 14*h - 440 = 0. Let z = h + -51. Suppose -15 = -z*a + 13. Let t(p) = -p + 7. What is t(a)?
0
Let y(f) = 10*f**2 - 23*f - 2. Let x(j) = 3*j**2 - 8*j - 1. Let n(o) = 7*x(o) - 2*y(o). Calculate n(7).
-24
Let r = 245 + -242. Let j(y) = 6 - 4*y**2 + r*y**2 + 35*y - 18 - 27*y. Give j(9).
-21
Let i(f) = f - 1. Let q be i(4). Suppose -3*k = q*c - 0*k - 9, -2*c - 5*k = -18. Let l(g) = -g**3 - 5*g**3 + g + g**2 - g**3. Determine l(c).
7
Let y(z) = -z**3 - z**2 - z - 1. Suppose -4*s + 8 - 88 = 0. Let q = -21 - s. Give y(q).
0
Let h(v) = 0*v + 226 - 221 - v**2 - v**3 + 3*v. Let i = -7940 + 7938. Calculate h(i).
3
Let t(l) be the third derivative of l**5/30 - 37*l**4/24 + 2*l**3 - 4*l**2 + 110. Determine t(17).
-39
Let g(y) be the first derivative of -3*y**2/2 + y - 3476. Let d(p) = -p - 8. Let c be d(0). Let z be (-27)/6*c/6. What is g(z)?
-17
Let p(m) = -141 + 60 + m**3 + 17 + 5*m + 71 - 8*m**2. What is p(7)?
-7
Suppose 3*u + 126 - 93 = 0. Let z(j) = -j - 22. Let s be z(u). Let k(b) = b + 21. Give k(s).
10
Suppose -4*n = 3*z + 27, 267*z + n = 265*z - 8. Let w(p) = -5*p**2 - p + p**2 - 5*p**3 + 3*p**2 - 6*p**3. Calculate w(z).
11
Let y(z) be the first derivative of z**4/4 - 11*z**3/3 + 9*z**2 + 8*z + 302. Calculate y(9).
8
Let z(q) = -5*q + 3. Let t(g) = -g**2 - 11*g + 3. Let d be t(-10). Suppose 33*w = 20*w - d. Give z(w).
8
Let p(a) = a**2 + 10*a - 19. Let c = 41 + -37. Let m be p(c). Let q = m - 36. Let k(b) = -4*b**2 + b - 1. What is k(q)?
-4
Let l be (62 - 54) + -3 + -1. Suppose -k - 3*k - 48 = -5*s, -l*k - s - 48 = 0. Let b(g) = -g**3 - 13*g**2 - 13*g + 3. Calculate b(k).
15
Suppose -2*x + 18 = -4*l, -13*x + 16*x - 11 = -2*l. Let y(v) = v**3 - v**2 - v - 1. Let q(c) = -6*c**3 + 3*c**2 + 6*c + 9. Let a(f) = -q(f) - 5*y(f). Give a(l).
-2
Let g(o) = -7*o**2 + 138*o + o**3 + 120*o - 249*o + 2. Give g(4).
-10
Let h(y) = -12*y**2 + 2*y - 3. Let l(n) = -3*n**2 + 17*n - 19. Let r be l(4). Give h(r).
-13
Let v(n) = 14*n - 122. Let u be (872 + -869)*(4*10/12 - 1). Determine v(u).
-24
Let y(u) = u**2 - 23*u + 114. Let w be y(5). Let p(f) = w*f**2 - 39*f**2 + 16*f**2 - 5 + 4*f. Give p(-4).
-5
Suppose -8*v + 41 = -7. Let h(r) = r + 6*r**2 + 711 - 3*r**3 - 712 + 2*r**3. Determine h(v).
5
Let t(m) be the first derivative of m**3 - 5*m**2/2 + 4*m + 19. Let r be t(1). Let s(x) = -5*x - 6*x + 4*x + 1 + r*x. What is s(2)?
-9
Let w be (3 - (4 + 1)) + 1. Let h(a) = 3*a + 1. Let g(n) = -13*n. Let f(y) = -2*g(y) - h(y). Give f(w).
-24
Let p(r) be the third derivative of -r**4/24 + 2*r**3/3 - 12*r**2. Suppose 5*n - 10*n + 90 = 0. Let x = n - 15. Give p(x).
1
Let h(p) = p**2 + 8*p - 15. Suppose 4*b = -6 + 18, 3*a = 2*b. Let d be h(a). Let v(i) = -i**3 + 5*i**2 - 2*i - 3. Give v(d).
-13
Let o(f) = -f + 10. Let y(h) = -h - 16. Let m be y(-18). Suppose 3*q + 8 = 4*l + 7, -2*l - m = -2*q. Determine o(q).
5
Suppose 98*b - 8 = 90*b. Suppose -b = w + 2*x, 0 = -8*x + 4*x + 4. Let u(m) = -m**3 - m**2 + 2*m - 4. Calculate u(w).
8
Let h = -29 - -34. Suppose -h*d = -4*d - 3. Let g(m) = m + 2*m**3 + 5 - m**d - 5. What is g(-1)?
-2
Let n(g) = -3*g - 5. Let l(s) = -20*s**2 + s + 16. Let i be l(4). Let r be (-3)/2*(i/(-9))/(-10). What is n(r)?
-20
Let y(l) = l**3 - 2*l**2 - 8*l + 11. Let q be 14/3 + (-190)/150 + (-8)/20. Determine y(q).
-4
Let c(m) = -996*m**3 + 1982*m**3 - 7 + 35 - 2*m + 33 - 987*m**3. Determine c(0).
61
Let k(x) = 65*x - 192*x + 74*x + 49*x + 26. Calculate k(13).
-26
Let h(b) = 2*b - 1. Let q(p) = -3*p + 0*p - 20 - 18 + 56 - 16. Let d(w) = -5*h(w) - 2*q(w). Give d(-6).
25
Let y(b) be the first derivative of -b**3/3 - 7*b**2/2 - 7*b - 4. Let j = -64 - -58. Determine y(j).
-1
Let s(p) = -p**2 + 35. Let o(i) = 3*i**2 - 4*i - 104. Let c(m) = 2*o(m) + 7*s(m). What is c(-11)?
4
Let s be (-2 + -4)*-8*(-15)/80. Let t(b) = -b**2 - 14*b - 11. Give t(s).
34
Suppose -4*t - 3*j + 2*j = -11989, -6011 = -2*t + 5*j. Let q(d) = -d + 2995 + 0*d - t. Let z = 6 - 10. Calculate q(z).
1
Let i(g) = -g**2 - 8*g - 4. Let n(k) be the second derivative of k**3/3 + 3*k**2 + k. Let t be (3/(-9))/((-8)/(-144)). Let u be n(t). What is i(u)?
8
Let q(m) = 36403579*m**2 + 43*m**3 - 5*m**3 - 36403580*m**2. Suppose -4*c = c + 3*d + 2, c = 3*d - 4. What is q(c)?
-39
Let a(w) = w**3 - 9*w**2 + 11*w - 18. Suppose 4*k - 3*d = 32, -4*d + 16 = -4*k + 6*k. Let v be a(k). Let t(y) = 26*y - 12*y + v - 11*y. Calculate t(-4).
-6
Let f(h) = -3*h**3 + 5*h**2 - 57*h + 1. Let g(d) = -4*d**3 + 8*d**2 - 79*d + 2. Let p(j) = -7*f(j) + 5*g(j). Calculate p(-5).
-17
Let p(l) be the first derivative of -137 + 75*l**2 - 29*l**2 - 21*l**2 - 18*l - 24*l**2. Determine p(8).
-2
Let i(y) = y**2 - 12*y + 15. Let h(t) = 13*t + 31. Let c be h(-2). Calculate i(c).
-20
Let t be 2572/3215 + (-4)/30. Let z(c) be the third derivative of 0 - 10*c**2 + 3*c - 1/120*c**6 + 5/24*c**4 - 1/60*c**5 + t*c**3. Calculate z(-3).
7
Let h(a) be the first derivative of a**4/12 - 3*a**3/2 + 3*a**2/2 - 197*a - 141. Let z(q) be the first derivative of h(q). Calculate z(5).
-17
Let l(d) = -11 + 6 + 10*d - 5*d - 61*d. Determine l(-1).
51
Let p(a) be the third derivative of a**6/120 - 11*a**5/60 + a**4/3 + 2*a**3 - 7*a**2 - 79*a + 1. Determine p(11).
100
Suppose -3*w = 15*c + 54, 177*w - 2*c - 21 = 182*w. Let s(n) = -5*n**2 - 4*n. Let h(m) = m**2 + 1. Let v(z) = 2*h(z) - s(z). Determine v(w).
53
Let l(b) = -2*b**2 - 4*b + 2. Let y be ((-10)/((-100)/(-835)))/((-2)/(-4)). Let h = 163 + y. Calculate l(h).
-14
Let i(z) = -4*z - 202. Let h(q) = 3*q + 259. Let m(p) = -3*h(p) - 4*i(p). Calculate m(-6).
-11
Let a(g) = 3*g - 101. Let t be a(35). Suppose 4*j - 15 = 5, 89 = -t*o + 5*j. Let m(v) = v**3 + 16*v**2 - v - 15. Give m(o).
1
Suppose -2*i = i - 27. Let g(j) = -7*j**3 + 12*j**2 - 5*j - 9. Let v(r) = 19*r**3 - 35*r**2 + 13*r + 26. Let b(x) = -8*g(x) - 3*v(x). Give b(i).
3
Let v(y) be the first derivative of y**2/2 - 26*y + 384. What is v(31)?
5
Let l = -642 - -331. Let x = 313 + l. Let s(c) = -2*c**3 + 2*c**2 - 2*c + 1. What is s(x)?
-11
Let g(d) be the second derivative of -d**4/12 + 7*d**3/6 - 4*d**2 + 1368*d. Determine g(4).
4
Let z(g) = 13 + g - 5*g**2 - 2*g + 3*g**2 + g**2. Calculate z(-8).
-43
Let s be ((-12)/5)/(2/(-10)*1). Let b(k) = 2*k - 13. Let y be b(s). Let r(f) = 2 + y*f + 3 - 6 - 12*f. Determine r(-5).
4
Suppose -d - 7 = -4*g - 0*d, -10 = 2*g + 4*d. Let z(s) = 3*s - 17. Let o be z(8). Let q(u) = u - o*u + 5*u + 1 + 5*u**2. Calculate q(g).
5
Let z(v) be the second derivative of 7*v**3/6 - 23*v**2/2 + 2001*v. What is z(5)?
12
Let k(w) = w**2 + w - 2. Let v(z) = -6*z**2 - 4*z - 71. Let a(c) = 3*k(c) + v(c). Let d(q) be the first derivative of a(q). Calculate d(-6).
35
Let k(x) = -x**3 + 6*x**2 - 9*x. Suppose j - 78 = 3*u - 86, 3*u + 8 = 5*j. Determine k(u).
-4
Let h(s) = 9*s**3 + s**2 - s - 1. Let z(g) = 3*g**2 + 8*g + 6. Let i be z(-2). Suppose 14 = -i*t - 4*k, -2*t - 5 = 2*k + 3. Determine h(t).
-8
Let u(x) = 23*x - x**2 + 3 - 12*x - 3*x - 18 + 4*x. Give u(7).
20
Let p = -77 - -82. Let f(m) = -16*m**2 + 2 + p*m**2 + 10*m**2 + 3*m. Calculate f(6).
-16
Let q(m) = -3*m**3 + 205*m**2 + 385*m + 669. Let s(c) = 4*c**3 - 273*c**2 - 514*c - 890. Let x(d) = -9*q(d) - 7*s(d). Determine x(68).
5
Let y(b) be the first derivative of b**4/4 - 5*b**3/3 - 7*b**2 - b + 5042. What is y(6)?
-49
Let y(a) = 3*a - 12 - 12 - 7 + 42. What is y(-8)?
-13
Suppose 20 = -2*h + 2*x, h + 7*x - 15 = 3*x. Let o(a) = 17 + 3*a**2 - 4 - 11 - 2*a**2. Let b(w) = -4*w**2 + 5*w - 10. Let p(g) = b(g) + 5*o(g). What is p(h)?
0
Suppose -9114 + 1574 = 10*c. Let m = c - -760. Let g(w) = -w**3 + 6*w**2 + w - 5. Determine g(m).
1
Let j be 2*(-1)/(-6) + (1914/(-18))/(-29). Suppose 5*s = z + 17, 3*s - 4*s + 9 = -3*z. Let h(n) = n. Let a(o) = o + 3. Let u(t) = z*h(t) + a(t). Give u(j).
-1
Let u be 8 + 7 - (9 - -17). Let p(b) = b**3 + 10*b**2 - 15*b + 13. What is p(u)?
57
Let g = 1602 - 1592. Let l(c) = 3*c**2 - 32*c + 83. Let v(k) = -k**2 + 11*k - 28. Let h(u) = 2*l(u) + 7*v(u). Give h(g).
0
Let a(m) = -m**3 - 2*m**2 + m + 1. Let n(w) = w**3 - 2